30.
30
Calculate the highest common factor of 258 and 24.
6
Calculate the highest common divisor of 1 and 269.
1
What is the greatest common divisor of 3021 and 171?
57
Calculate the greatest common divisor of 31055 and 5.
5
Calculate the greatest common factor of 2332 and 132.
44
What is the highest common factor of 56 and 1526?
14
What is the highest common factor of 4 and 28?
4
Calculate the highest common factor of 228 and 1311.
57
Calculate the highest common factor of 1 and 806.
1
Calculate the greatest common factor of 40338 and 83.
83
What is the highest common factor of 120 and 330?
30
What is the greatest common factor of 1775 and 100?
25
What is the highest common factor of 714 and 204?
102
What is the greatest common factor of 80 and 540?
20
What is the highest common divisor of 121 and 4?
1
What is the greatest common divisor of 120 and 180?
60
Calculate the highest common divisor of 976 and 304.
16
What is the greatest common divisor of 2086 and 938?
14
What is the highest common divisor of 182 and 42?
14
Calculate the greatest common factor of 544 and 1037.
17
Calculate the highest common factor of 63 and 711.
9
What is the highest common factor of 1680 and 63?
21
What is the highest common factor of 124 and 496?
124
What is the highest common factor of 3345 and 4237?
223
Calculate the highest common divisor of 1253 and 7.
7
What is the greatest common factor of 10 and 190?
10
Calculate the greatest common factor of 154 and 50974.
154
Calculate the greatest common factor of 551 and 58.
29
What is the greatest common divisor of 84 and 100?
4
Calculate the greatest common factor of 1909 and 345.
23
Calculate the highest common divisor of 52 and 11908.
52
What is the highest common factor of 70 and 1162?
14
What is the greatest common factor of 37 and 814?
37
What is the greatest common factor of 1441 and 33?
11
Calculate the greatest common factor of 170 and 40.
10
What is the highest common divisor of 2752 and 64?
64
What is the highest common divisor of 5859 and 54?
27
Calculate the highest common divisor of 17 and 153.
17
Calculate the highest common divisor of 28 and 1141.
7
Calculate the greatest common factor of 3 and 84.
3
What is the greatest common divisor of 171 and 912?
57
Calculate the greatest common factor of 28 and 8.
4
What is the highest common divisor of 2086 and 7?
7
Calculate the greatest common divisor of 105 and 7635.
15
Calculate the highest common factor of 646 and 2090.
38
What is the highest common factor of 6171 and 66?
33
Calculate the greatest common divisor of 137 and 43703.
137
What is the greatest common factor of 60 and 564?
12
Calculate the greatest common factor of 6 and 474.
6
What is the highest common factor of 539 and 931?
49
What is the greatest common divisor of 3056 and 191?
191
Calculate the highest common factor of 1482 and 234.
78
Calculate the highest common divisor of 3849 and 3.
3
Calculate the highest common divisor of 273 and 1274.
91
What is the greatest common divisor of 2 and 113?
1
What is the greatest common factor of 230 and 23?
23
What is the highest common factor of 33345 and 95?
95
What is the highest common factor of 49 and 1127?
49
Calculate the highest common divisor of 10362 and 198.
66
What is the greatest common factor of 114 and 836?
38
What is the highest common factor of 390 and 1690?
130
Calculate the greatest common factor of 18 and 1773.
9
What is the highest common divisor of 70 and 90?
10
What is the greatest common factor of 156 and 195?
39
Calculate the greatest common divisor of 55 and 5.
5
What is the highest common divisor of 7686 and 126?
126
What is the greatest common factor of 6500 and 100?
100
Calculate the highest common factor of 40 and 24040.
40
Calculate the highest common divisor of 142 and 1917.
71
What is the greatest common factor of 16 and 88?
8
Calculate the greatest common divisor of 72 and 96.
24
Calculate the highest common factor of 279 and 124.
31
What is the greatest common divisor of 2066 and 4?
2
Calculate the highest common factor of 3205 and 5.
5
What is the highest common divisor of 33 and 638?
11
What is the highest common divisor of 14337 and 885?
177
Calculate the highest common divisor of 828 and 4761.
207
What is the greatest common factor of 255 and 135?
15
Calculate the greatest common factor of 1 and 83.
1
What is the highest common factor of 64 and 464?
16
Calculate the highest common divisor of 256 and 8.
8
Calculate the highest common divisor of 88 and 8.
8
Calculate the highest common factor of 15 and 180.
15
What is the highest common divisor of 1470 and 180?
30
What is the greatest common factor of 42 and 12?
6
Calculate the greatest common divisor of 44 and 704.
44
Calculate the greatest common factor of 715 and 195.
65
What is the greatest common divisor of 2781 and 412?
103
Calculate the greatest common factor of 3 and 120.
3
What is the greatest common factor of 935 and 255?
85
What is the highest common factor of 102 and 2346?
102
What is the highest common divisor of 18 and 4302?
18
Calculate the highest common factor of 11 and 1331.
11
Calculate the greatest common factor of 8958 and 6.
6
What is the greatest common divisor of 31 and 279?
31
What is the greatest common divisor of 2074 and 34?
34
Calculate the greatest common factor of 1428 and 84.
84
What is the highest common divisor of 135 and 60?
15
What is the greatest common factor of 112 and 140?
28
Calculate the highest common factor of 7284 and 108.
12
Calculate the greatest common divisor of 17089 and 92.
23
What is the greatest common factor of 11700 and 90?
90
Calculate the highest common divisor of 2 and 74.
2
What is the highest common divisor of 12 and 7404?
12
What is the greatest common factor of 14808 and 8?
8
Calculate the greatest common factor of 136 and 1156.
68
Calculate the greatest common divisor of 444 and 5550.
222
What is the greatest common factor of 873 and 17363?
97
What is the greatest common factor of 30 and 2475?
15
Calculate the highest common factor of 1550 and 400.
50
What is the greatest common factor of 231 and 7?
7
What is the greatest common factor of 2025 and 270?
135
Calculate the highest common factor of 144 and 208.
16
What is the greatest common factor of 10552 and 16?
8
Calculate the greatest common divisor of 1674 and 54.
54
Calculate the greatest common factor of 1598 and 94.
94
What is the highest common factor of 8 and 108?
4
What is the highest common divisor of 400 and 40?
40
Calculate the highest common factor of 92 and 4.
4
Calculate the greatest common factor of 189 and 1026.
27
What is the greatest common divisor of 24 and 296?
8
What is the greatest common factor of 112 and 616?
56
What is the greatest common divisor of 1088 and 1156?
68
Calculate the highest common factor of 84 and 4242.
42
Calculate the highest common factor of 29 and 3683.
29
Calculate the highest common divisor of 43 and 344.
43
Calculate the highest common factor of 2 and 14.
2
Calculate the highest common factor of 3 and 687.
3
Calculate the highest common factor of 8 and 500.
4
What is the highest common divisor of 8701 and 77?
77
What is the greatest common divisor of 91 and 1589?
7
What is the greatest common factor of 380 and 40?
20
What is the highest common divisor of 13 and 3159?
13
What is the highest common factor of 96 and 42?
6
What is the greatest common divisor of 9 and 2367?
9
Calculate the highest common divisor of 25 and 9.
1
What is the greatest common factor of 118 and 590?
118
What is the greatest common factor of 567 and 999?
27
Calculate the highest common factor of 10 and 1910.
10
What is the greatest common factor of 1152 and 24?
24
What is the greatest common divisor of 448 and 14?
14
What is the greatest common factor of 1035 and 6555?
345
What is the greatest common divisor of 110 and 80?
10
Calculate the greatest common factor of 32 and 3424.
32
Calculate the greatest common factor of 6 and 2166.
6
Calculate the highest common divisor of 96 and 9096.
24
Calculate the greatest common divisor of 4438 and 14.
14
Calculate the greatest common factor of 8 and 424.
8
Calculate the highest common factor of 63 and 28.
7
What is the highest common divisor of 182 and 208?
26
What is the highest common factor